*u + 18. Let i(y) = y**3 - 8*y**2 - 8. Determine i(u).
-8
Let j(k) = -6*k + 1. Let p = 8 + 0. Let z = p - 9. What is j(z)?
7
Let k(m) = -9*m**3 + m + 1. Let w(y) = 3*y**2 - y - 1. Let o be w(-1). Suppose 3*z = 3*n + o, 0*z + z + 2*n = -5. Calculate k(z).
9
Let q be (-10)/20*0/1. Let n(i) = -i - 9. What is n(q)?
-9
Let o(p) = -12*p**3 - p**2. Let f be (-920)/25 + (-12)/(-15). Let b be (1 - -2) + f/9. Determine o(b).
11
Let w(f) = 2*f**2 + 2*f - 7. Let z be w(-3). Suppose 0 = -4*q + 4, -7 = 5*s - 5*q - 27. Let v(d) = -3*d**2 + 0 - s*d + 4*d**2 + 1 + 2. Calculate v(z).
3
Let f(p) = p**2 - 4*p + 4. Let z = -66 - -70. Let o be ((-16)/112 - 8/(-7))*z. Determine f(o).
4
Let q(w) = w**3 + 6*w**2 + w + 8. Let r = -2 + 0. Let o(i) = -i**2 - 4*i - 1. Let d be o(r). Let g be d/1 - (7 - -2). Give q(g).
2
Let m(v) = -v - 2. Suppose -336*a = -341*a + 30. Let f(l) = l**3 + 8*l**2 + 5*l - 3. Let c be f(-7). Suppose -12*u = -c*u - a. Give m(u).
-8
Let d(p) = -p**2 + 5*p - 1. Let u be (3/(-21))/(6/(-21))*12. Suppose 0 = u*n + 12 - 48. What is d(n)?
-7
Let s(x) = -7*x + 10. Let o(u) = -12*u + 19. Let t(z) = 3*o(z) - 5*s(z). What is t(6)?
1
Let m be 220/35 - 2/7. Let f(a) = -a + 1 + 10 - m. Let g = 4 + -4. Determine f(g).
5
Let x(w) = -2 + 1 + 13*w + 0. Let c be -8 - 2 - (-9 - 0). Determine x(c).
-14
Let w(k) = 4*k**2 + 33*k**2 + 17 - 5*k**2 - 18. Calculate w(-1).
31
Let f(q) be the second derivative of -q**5/20 - 5*q**4/12 - q**3/3 - q**2/2 + 41*q. What is f(-3)?
-13
Suppose m = 4*y + 21 + 34, 0 = 5*y + 5*m + 50. Let z(r) = r**2 + 11*r - 22. Give z(y).
4
Let t(c) = -2*c**2 - 22*c - 18. Suppose 51*a - 40*a = -110. What is t(a)?
2
Suppose -12*o - 7*o - 114 = 0. Let l(i) = -i**3 - 5*i**2 + 8*i + 12. Determine l(o).
0
Let t(m) be the first derivative of -2*m**3/3 - 2*m**2 - m + 439. Calculate t(-3).
-7
Let a(h) = 2*h**3 - 5*h**2 - 14*h + 1. Let s be a(-2). Let q(o) = o**3 + 8*o**2 + 5*o + 1. What is q(s)?
15
Let t(h) be the second derivative of h**3/3 - h**2 - 56*h. Calculate t(2).
2
Let u = 762 - 767. Let j(m) = 2*m + 4. Calculate j(u).
-6
Let r(f) = -f**3 - f**2 + 3*f + 2. Let a be r(-1). Let z(m) = -m + 1. Let o(x) = 8*x + 3. Let v = -1 + 2. Let h(d) = v*o(d) - 2*z(d). Calculate h(a).
-9
Let j(m) = -m**3 - m**2 + 4*m - 3. Let a(w) = -15 + 5 + w - 3*w. Let b be a(-6). Determine j(b).
-7
Let f(a) = 3*a**2 - 2*a + 3. Let j(g) = g**3 + 13*g**2 - 17*g - 39. Let r be j(-14). Determine f(r).
24
Let m(g) = -g**3 + 6*g**2 + g - 6. Let i be m(6). Suppose i = -4*f - 2*j + 3*j - 5, -j + 5 = 5*f. Let v(h) = h - 10. Give v(f).
-10
Let z(j) = 5*j. Suppose -2*c + 23 = -103. Suppose 5*b = 8*b - c. Let x = -18 + b. What is z(x)?
15
Let l = 777 + -780. Let m(o) = o**2 + o - 12. Determine m(l).
-6
Let h(q) be the third derivative of -q**6/720 + q**5/120 + 5*q**4/8 + 7*q**2. Let m(f) be the second derivative of h(f). Calculate m(-5).
6
Let p = -56 - -66. Let x(n) = n**3 - 10*n**2 + 21. What is x(p)?
21
Suppose -2*s = 9*s + 11. Let n(t) = 3*t**3 - 1. Give n(s).
-4
Let f(g) = 4*g**2 - 20*g - 7. Let c be f(5). Let n(s) = -s**2 - 8*s - 9. Determine n(c).
-2
Let v(x) be the third derivative of -2*x**5/15 - x**4/24 - x**3/3 + 7*x**2 - 35. What is v(-1)?
-9
Let u(d) = d**3 + 4*d**2 - 3*d - 3. Let y(q) = 2*q**2 + 41*q + 88. Let p be y(-18). Give u(p).
11
Suppose -11 = 4*a - 23. Suppose j - x = -a*j + 13, -3*j + 4 = 5*x. Let v(r) = 4*r - 3. Give v(j).
9
Let z(c) = 28*c**2 - 12*c**2 - 6 - 6*c - 9*c**2 - 8*c**2. Calculate z(-6).
-6
Let f(l) be the first derivative of -2*l**3/3 - l**2 + l - 140. Suppose -r = x + 3, 3*r + 6 = 2*r + 2*x. Let m(b) = b + 2. Let i be m(r). Determine f(i).
-3
Suppose 2*l = 7*l - 160. Let w = 35 - l. Let f(i) = -i**2 - 3*i + 4. Give f(w).
-14
Let b(s) = -15*s**3 + 39*s**2 + 9*s + 17. Let q(w) = -4*w**3 + 10*w**2 + 2*w + 4. Let u(z) = -3*b(z) + 11*q(z). Calculate u(8).
17
Let c(z) = -2*z + 10. Let b(a) = -3*a + 18. Let k(t) = 3*b(t) - 5*c(t). Determine k(6).
10
Let s(k) = -1 + 9*k**2 - 6*k - 3*k**2 + 4*k. Let l(g) = 12*g + 76. Let z be l(-6). Suppose -10 = -3*m + z*p - 5, -2*m = -4*p - 6. Calculate s(m).
7
Let l(r) = -r**3 - 4*r**2 - 3*r - 4. Let z be l(-4). Let a(k) = 9*k - 2*k**2 - z + k**2 + 6. What is a(4)?
18
Let a be 3*1/((-9)/(-42)). Let h be (8/a)/(10/35). Let w(l) = -h + 4*l - l + 1 + 2*l. What is w(-1)?
-6
Let v(a) = a**2 - 5*a + 2. Suppose -2 = -6*i + 10. Let h = i - -1. Give v(h).
-4
Let v be (-2)/2 - ((-1 - -1) + -3). Let i(a) = -3*a**2 - 3*a - 5*a**2 + 0*a**v + 7*a**2 - 2. Give i(-2).
0
Let a(y) = -2*y**2 + 11*y + 4. Let z be (-4)/26 + (-10)/(-65)*53. Give a(z).
-36
Let r be 6/(-9)*-4 - (-2)/6. Let a(p) = 21*p + 25*p - 2 + p**r - 4*p**2 - 44*p. What is a(3)?
-5
Let i be (0/(-2))/(1 - 0). Let w be (-10)/(-6) - 5/(-15). Let p(v) = 3*v + 2 + 3*v - 7*v - v**w. Determine p(i).
2
Let f be -2*((-9)/6 + 0). Let m be (f/((-3)/(-2)))/(6/(-3)). Let s(c) = -5. Let z(l) = l - 11. Let v(b) = -13*s(b) + 6*z(b). Determine v(m).
-7
Let z be (44 + -42)*4/(-8). Let o(m) = -7*m**3 + 2*m**2 + 1. Let w(c) = 35*c**3 - 11*c**2 + c - 5. Let v(a) = -11*o(a) - 2*w(a). Give v(z).
-6
Let q(w) = -w + 3. Let g(f) = -2*f + 7. Let d be 4/2*-3*(-6)/6. Let v(n) = d*g(n) - 13*q(n). Determine v(3).
6
Let k(v) be the third derivative of 48*v**2 + 1/60*v**5 + 0 + 5/3*v**3 + 0*v + 5/12*v**4. Calculate k(-8).
-6
Let x = 132 - 118. Suppose -10*v + x*v + 36 = 0. Let n(y) = y**2 + 10*y + 13. Calculate n(v).
4
Let r = 345 + -339. Let p(j) = -j**3 + 6*j**2 + 2*j - 2. Determine p(r).
10
Let l(o) = o**2 + o - 1. Let u be l(-3). Let k(w) = -1 + 2*w + w**3 + 3*w**3 - u*w**3. Let q be 10 + (24/(-3))/1. What is k(q)?
-5
Let y(k) be the second derivative of k**4/12 - k**3/2 - 23*k**2/2 - 7*k. Let m be y(6). Let v(r) = -r**3 - 5*r**2 - 2*r + 7. What is v(m)?
17
Let b(z) = -3*z + 1. Let j(u) = -u**3 - 5*u**2 + 18*u - 18. Let x(n) = -6*b(n) - j(n). Give x(-5).
12
Let a = 105 + -97. Let y(b) = -b**2 + 12*b - 5. Give y(a).
27
Let m(j) be the third derivative of j**6/120 + j**4/6 + j**3/3 + 473*j**2. Give m(-2).
-14
Let s(i) = i**3 - i**2 - 5*i + 3. Suppose 5*x - 11*x + 12 = 0. Suppose 4 + 2 = -x*u. Let g be 0/(-4 - -5) - u. Give s(g).
6
Let o(q) = -q**3 - 7*q**2 - 7*q - 2. Let b(s) = s**3 - 3*s**2 + 6*s - 13. Let d be b(2). What is o(d)?
-17
Let j(o) = -48*o**2 - 1 + 3*o**3 + 154*o - 153*o + 25*o**2 + 22*o**2. Suppose r - 7*t + 15 = -3*t, -4*r + 20 = 4*t. Give j(r).
2
Let z(w) = 7*w. Let c(d) = -19*d. Let v(k) = -6*c(k) - 17*z(k). What is v(1)?
-5
Suppose 7*q + 1 - 15 = 0. Suppose 4*k - q = 2*t, -2*k - 2 = -4*t + 12. Let b(l) = l**3 - 6*l**2 + l + 3. What is b(t)?
-17
Let w(i) = i**3 + 4*i**2 - 7*i - 6. Let j be w(-5). Let c(b) = 0 - 7 - 3*b**2 + b**3 + 2 - 2*b + j. Give c(4).
7
Let a = 835 + -845. Let k(d) = 2*d + 15. What is k(a)?
-5
Suppose 2*n = 5*f - 73, 0 = -3*f + 7*f - 3*n - 57. Let u = 16 - f. Let a(j) = 6*j. What is a(u)?
6
Let p(i) = -2*i**2 + 8*i + 9. Let v(l) = -l**2 + 4*l + 4. Let x(y) = 2*p(y) - 5*v(y). Let a(b) = -b**3 - 20*b**2 + 67*b - 41. Let q be a(-23). Determine x(q).
3
Let j(c) = 2*c - 1 + 4 - 4*c + 1 - 2. Calculate j(2).
-2
Let k(a) = 62 + 2*a - 29 - 20. What is k(-6)?
1
Let d be (1 - -4) + 1 + -1. Suppose g - 6 = -d*g. Let s(o) = 0*o**3 + 0*o**2 - g - o**2 - o**3 + 3*o. Calculate s(2).
-7
Let z(r) = -8 + 11 + 6*r - 4*r - 4*r - 18. Determine z(-9).
3
Let g(a) = -29*a + 5*a**2 - 4 - 2*a**3 + 4*a**2 + a**3 - 14*a**2 + 35*a. Give g(-6).
-4
Let x = -120 - -124. Let g(d) be the second derivative of -d + 0 + 1/2*d**2 - 1/3*d**x - 1/20*d**5 - 1/3*d**3. What is g(-2)?
-3
Let m(h) = h**2 + 8*h + 8. Let n(v) = -v**3 + 8*v**2 - 10*v + 13. Let g be n(6). Let y = g + -32. Determine m(y).
1
Let a(p) = 3 - 6 - 6 + p + 0. Suppose 4*h - 7 = 33. Give a(h).
1
Suppose 0 = -37*t + 42*t - 35. Let d(l) = -5*l + 2*l**2 - t*l**2 - l**3 - 7 + 9. Give d(-4).
6
Let h(x) = 9*x**2 - 36*x + 36. Let z be h(1). Let n(y) = -y**2 + 10*y + 10. What is n(z)?
19
Suppose -10 = -5*f - 5*s, -3*s - 2 = -f - 8*s. Let x(u) be the first derivative of -u**4/4 + u**2 - 2. Determine x(f).
-4
Let w be ((-153)/34)/((-6)/(-4)). Let j(x) = -x**3 - 4. Determine j(w).
23
Let c = -45 + 41. Let l(h) = h**2 + 8*h + 5. What is l(c)?
-11
Let z(r) = -r**2 - 10*r + 10. Let m be z(-10). Let y(b) be the first derivative of b**2/2 - 7*b - 23. Give y